{"id":10663,"date":"2022-02-01T11:11:50","date_gmt":"2022-02-01T09:11:50","guid":{"rendered":"https:\/\/himos.fi\/?post_type=mec-events&#038;p=10663"},"modified":"2022-02-01T11:14:19","modified_gmt":"2022-02-01T09:14:19","slug":"lasten-mini-wernerikurssi-tammikuun-lauantaisin-549","status":"publish","type":"mec-events","link":"https:\/\/himos.fi\/en\/events\/lasten-mini-wernerikurssi-tammikuun-lauantaisin-549\/","title":{"rendered":"Hiihtolomaviikkojen 8 ja 9 Mini Wernerikurssit"},"content":{"rendered":"<p>Hiihtolomilla j\u00e4rjestet\u00e4\u00e4n lasten Mini Wernerikursseja sek\u00e4 suksi alkeet ett\u00e4 suksi jatko.<br \/>\nKurssi on yksip\u00e4iv\u00e4inen, kesto 2 x 90 minuuttia. Kurssimaksu on 110 euroa\/hl\u00f6. <a href=\"https:\/\/himos.fi\/hiihtolomaviikkojen-8-ja-9-mini-wernerikurssit\/\" target=\"_blank\" rel=\"noopener\">Lue lis\u00e4\u00e4 ja ilmoittaudu<\/a>.<\/p>\n","protected":false},"excerpt":{"rendered":"<p>Hiihtolomilla j\u00e4rjestet\u00e4\u00e4n lasten Mini Wernerikursseja sek\u00e4 suksi alkeet ett\u00e4 suksi jatko. Kurssi on yksip\u00e4iv\u00e4inen, kesto 2 x 90 minuuttia. Kurssimaksu on 110 euroa\/hl\u00f6. Lue lis\u00e4\u00e4 ja ilmoittaudu.<\/p>\n","protected":false},"author":2,"featured_media":10664,"comment_status":"closed","ping_status":"closed","template":"","tags":[],"mec_category":[],"acf":[],"yoast_head":"<!-- This site is optimized with the Yoast SEO plugin v19.11 - https:\/\/yoast.com\/wordpress\/plugins\/seo\/ -->\n<title>Hiihtolomaviikkojen 8 ja 9 Mini Wernerikurssit - Himos.fi<\/title>\n<meta name=\"robots\" content=\"index, follow, max-snippet:-1, max-image-preview:large, max-video-preview:-1\" \/>\n<link rel=\"canonical\" href=\"https:\/\/himos.fi\/en\/events\/lasten-mini-wernerikurssi-tammikuun-lauantaisin-549\/\" \/>\n<meta property=\"og:locale\" content=\"en_US\" \/>\n<meta property=\"og:type\" content=\"article\" \/>\n<meta property=\"og:title\" content=\"Hiihtolomaviikkojen 8 ja 9 Mini Wernerikurssit - Himos.fi\" \/>\n<meta property=\"og:description\" content=\"Hiihtolomilla j\u00e4rjestet\u00e4\u00e4n lasten Mini Wernerikursseja sek\u00e4 suksi alkeet ett\u00e4 suksi jatko. Kurssi on yksip\u00e4iv\u00e4inen, kesto 2 x 90 minuuttia. Kurssimaksu on 110 euroa\/hl\u00f6. Lue lis\u00e4\u00e4 ja ilmoittaudu.\" \/>\n<meta property=\"og:url\" content=\"https:\/\/himos.fi\/en\/events\/lasten-mini-wernerikurssi-tammikuun-lauantaisin-549\/\" \/>\n<meta property=\"og:site_name\" content=\"Himos.fi\" \/>\n<meta property=\"article:publisher\" content=\"https:\/\/www.facebook.com\/himosskiresort\/\" \/>\n<meta property=\"article:modified_time\" content=\"2022-02-01T09:14:19+00:00\" \/>\n<meta property=\"og:image\" content=\"https:\/\/himos.fi\/wp-content\/uploads\/2022\/02\/Weneripupu.jpg\" \/>\n\t<meta property=\"og:image:width\" content=\"1200\" \/>\n\t<meta property=\"og:image:height\" content=\"1600\" \/>\n\t<meta property=\"og:image:type\" content=\"image\/jpeg\" \/>\n<meta name=\"twitter:card\" content=\"summary_large_image\" \/>\n<script type=\"application\/ld+json\" class=\"yoast-schema-graph\">{\"@context\":\"https:\/\/schema.org\",\"@graph\":[{\"@type\":\"WebPage\",\"@id\":\"https:\/\/himos.fi\/en\/events\/lasten-mini-wernerikurssi-tammikuun-lauantaisin-549\/\",\"url\":\"https:\/\/himos.fi\/en\/events\/lasten-mini-wernerikurssi-tammikuun-lauantaisin-549\/\",\"name\":\"Hiihtolomaviikkojen 8 ja 9 Mini Wernerikurssit - Himos.fi\",\"isPartOf\":{\"@id\":\"https:\/\/himos.fi\/en\/#website\"},\"datePublished\":\"2022-02-01T09:11:50+00:00\",\"dateModified\":\"2022-02-01T09:14:19+00:00\",\"breadcrumb\":{\"@id\":\"https:\/\/himos.fi\/en\/events\/lasten-mini-wernerikurssi-tammikuun-lauantaisin-549\/#breadcrumb\"},\"inLanguage\":\"en-US\",\"potentialAction\":[{\"@type\":\"ReadAction\",\"target\":[\"https:\/\/himos.fi\/en\/events\/lasten-mini-wernerikurssi-tammikuun-lauantaisin-549\/\"]}]},{\"@type\":\"BreadcrumbList\",\"@id\":\"https:\/\/himos.fi\/en\/events\/lasten-mini-wernerikurssi-tammikuun-lauantaisin-549\/#breadcrumb\",\"itemListElement\":[{\"@type\":\"ListItem\",\"position\":1,\"name\":\"Home\",\"item\":\"https:\/\/himos.fi\/en\/\"},{\"@type\":\"ListItem\",\"position\":2,\"name\":\"Events\",\"item\":\"https:\/\/himos.fi\/en\/events\/\"},{\"@type\":\"ListItem\",\"position\":3,\"name\":\"Hiihtolomaviikkojen 8 ja 9 Mini Wernerikurssit\"}]},{\"@type\":\"WebSite\",\"@id\":\"https:\/\/himos.fi\/en\/#website\",\"url\":\"https:\/\/himos.fi\/en\/\",\"name\":\"Himos.fi\",\"description\":\"Lumi-Suomen keskipiste!\",\"publisher\":{\"@id\":\"https:\/\/himos.fi\/en\/#organization\"},\"potentialAction\":[{\"@type\":\"SearchAction\",\"target\":{\"@type\":\"EntryPoint\",\"urlTemplate\":\"https:\/\/himos.fi\/en\/?s={search_term_string}\"},\"query-input\":\"required name=search_term_string\"}],\"inLanguage\":\"en-US\"},{\"@type\":\"Organization\",\"@id\":\"https:\/\/himos.fi\/en\/#organization\",\"name\":\"Himos-Yhti\u00f6t Oy\",\"url\":\"https:\/\/himos.fi\/en\/\",\"logo\":{\"@type\":\"ImageObject\",\"inLanguage\":\"en-US\",\"@id\":\"https:\/\/himos.fi\/en\/#\/schema\/logo\/image\/\",\"url\":\"https:\/\/himos.fi\/wp-content\/uploads\/2019\/09\/logo-meili.jpg\",\"contentUrl\":\"https:\/\/himos.fi\/wp-content\/uploads\/2019\/09\/logo-meili.jpg\",\"width\":273,\"height\":96,\"caption\":\"Himos-Yhti\u00f6t Oy\"},\"image\":{\"@id\":\"https:\/\/himos.fi\/en\/#\/schema\/logo\/image\/\"},\"sameAs\":[\"https:\/\/www.instagram.com\/himosskiresort\/\",\"https:\/\/www.youtube.com\/channel\/UCwqSxGN5HaqH3FvCl96ZBFw\",\"https:\/\/www.facebook.com\/himosskiresort\/\"]}]}<\/script>\n<!-- \/ Yoast SEO plugin. -->","yoast_head_json":{"title":"Hiihtolomaviikkojen 8 ja 9 Mini Wernerikurssit - Himos.fi","robots":{"index":"index","follow":"follow","max-snippet":"max-snippet:-1","max-image-preview":"max-image-preview:large","max-video-preview":"max-video-preview:-1"},"canonical":"https:\/\/himos.fi\/en\/events\/lasten-mini-wernerikurssi-tammikuun-lauantaisin-549\/","og_locale":"en_US","og_type":"article","og_title":"Hiihtolomaviikkojen 8 ja 9 Mini Wernerikurssit - Himos.fi","og_description":"Hiihtolomilla j\u00e4rjestet\u00e4\u00e4n lasten Mini Wernerikursseja sek\u00e4 suksi alkeet ett\u00e4 suksi jatko. Kurssi on yksip\u00e4iv\u00e4inen, kesto 2 x 90 minuuttia. Kurssimaksu on 110 euroa\/hl\u00f6. Lue lis\u00e4\u00e4 ja ilmoittaudu.","og_url":"https:\/\/himos.fi\/en\/events\/lasten-mini-wernerikurssi-tammikuun-lauantaisin-549\/","og_site_name":"Himos.fi","article_publisher":"https:\/\/www.facebook.com\/himosskiresort\/","article_modified_time":"2022-02-01T09:14:19+00:00","og_image":[{"width":1200,"height":1600,"url":"https:\/\/himos.fi\/wp-content\/uploads\/2022\/02\/Weneripupu.jpg","type":"image\/jpeg"}],"twitter_card":"summary_large_image","schema":{"@context":"https:\/\/schema.org","@graph":[{"@type":"WebPage","@id":"https:\/\/himos.fi\/en\/events\/lasten-mini-wernerikurssi-tammikuun-lauantaisin-549\/","url":"https:\/\/himos.fi\/en\/events\/lasten-mini-wernerikurssi-tammikuun-lauantaisin-549\/","name":"Hiihtolomaviikkojen 8 ja 9 Mini Wernerikurssit - Himos.fi","isPartOf":{"@id":"https:\/\/himos.fi\/en\/#website"},"datePublished":"2022-02-01T09:11:50+00:00","dateModified":"2022-02-01T09:14:19+00:00","breadcrumb":{"@id":"https:\/\/himos.fi\/en\/events\/lasten-mini-wernerikurssi-tammikuun-lauantaisin-549\/#breadcrumb"},"inLanguage":"en-US","potentialAction":[{"@type":"ReadAction","target":["https:\/\/himos.fi\/en\/events\/lasten-mini-wernerikurssi-tammikuun-lauantaisin-549\/"]}]},{"@type":"BreadcrumbList","@id":"https:\/\/himos.fi\/en\/events\/lasten-mini-wernerikurssi-tammikuun-lauantaisin-549\/#breadcrumb","itemListElement":[{"@type":"ListItem","position":1,"name":"Home","item":"https:\/\/himos.fi\/en\/"},{"@type":"ListItem","position":2,"name":"Events","item":"https:\/\/himos.fi\/en\/events\/"},{"@type":"ListItem","position":3,"name":"Hiihtolomaviikkojen 8 ja 9 Mini Wernerikurssit"}]},{"@type":"WebSite","@id":"https:\/\/himos.fi\/en\/#website","url":"https:\/\/himos.fi\/en\/","name":"Himos.fi","description":"Lumi-Suomen keskipiste!","publisher":{"@id":"https:\/\/himos.fi\/en\/#organization"},"potentialAction":[{"@type":"SearchAction","target":{"@type":"EntryPoint","urlTemplate":"https:\/\/himos.fi\/en\/?s={search_term_string}"},"query-input":"required name=search_term_string"}],"inLanguage":"en-US"},{"@type":"Organization","@id":"https:\/\/himos.fi\/en\/#organization","name":"Himos-Yhti\u00f6t Oy","url":"https:\/\/himos.fi\/en\/","logo":{"@type":"ImageObject","inLanguage":"en-US","@id":"https:\/\/himos.fi\/en\/#\/schema\/logo\/image\/","url":"https:\/\/himos.fi\/wp-content\/uploads\/2019\/09\/logo-meili.jpg","contentUrl":"https:\/\/himos.fi\/wp-content\/uploads\/2019\/09\/logo-meili.jpg","width":273,"height":96,"caption":"Himos-Yhti\u00f6t Oy"},"image":{"@id":"https:\/\/himos.fi\/en\/#\/schema\/logo\/image\/"},"sameAs":["https:\/\/www.instagram.com\/himosskiresort\/","https:\/\/www.youtube.com\/channel\/UCwqSxGN5HaqH3FvCl96ZBFw","https:\/\/www.facebook.com\/himosskiresort\/"]}]}},"_links":{"self":[{"href":"https:\/\/himos.fi\/en\/wp-json\/wp\/v2\/mec-events\/10663"}],"collection":[{"href":"https:\/\/himos.fi\/en\/wp-json\/wp\/v2\/mec-events"}],"about":[{"href":"https:\/\/himos.fi\/en\/wp-json\/wp\/v2\/types\/mec-events"}],"author":[{"embeddable":true,"href":"https:\/\/himos.fi\/en\/wp-json\/wp\/v2\/users\/2"}],"replies":[{"embeddable":true,"href":"https:\/\/himos.fi\/en\/wp-json\/wp\/v2\/comments?post=10663"}],"wp:featuredmedia":[{"embeddable":true,"href":"https:\/\/himos.fi\/en\/wp-json\/wp\/v2\/media\/10664"}],"wp:attachment":[{"href":"https:\/\/himos.fi\/en\/wp-json\/wp\/v2\/media?parent=10663"}],"wp:term":[{"taxonomy":"post_tag","embeddable":true,"href":"https:\/\/himos.fi\/en\/wp-json\/wp\/v2\/tags?post=10663"},{"taxonomy":"mec_category","embeddable":true,"href":"https:\/\/himos.fi\/en\/wp-json\/wp\/v2\/mec_category?post=10663"}],"curies":[{"name":"wp","href":"https:\/\/api.w.org\/{rel}","templated":true}]}}

<p>Hiihtolomilla järjestetään lasten Mini Wernerikursseja sekä suksi alkeet että suksi jatko.<br />
Kurssi on yksipäiväinen, kesto 2 x 90 minuuttia. Kurssimaksu on 110 euroa/hlö. <a href="https://himos.fi/hiihtolomaviikkojen-8-ja-9-mini-wernerikurssit/" target="_blank" rel="noopener">Lue lisää ja ilmoittaudu</a>.</p>

<p>Hiihtolomilla järjestetään lasten Mini Wernerikursseja sekä suksi alkeet että suksi jatko. Kurssi on yksipäiväinen, kesto 2 x 90 minuuttia. Kurssimaksu on 110 euroa/hlö. Lue lisää ja ilmoittaudu.</p>

<!-- This site is optimized with the Yoast SEO plugin v19.11 - https://yoast.com/wordpress/plugins/seo/ -->
<title>Hiihtolomaviikkojen 8 ja 9 Mini Wernerikurssit - Himos.fi</title>
<meta name="robots" content="index, follow, max-snippet:-1, max-image-preview:large, max-video-preview:-1" />
<link rel="canonical" href="https://himos.fi/en/events/lasten-mini-wernerikurssi-tammikuun-lauantaisin-549/" />
<meta property="og:locale" content="en_US" />
<meta property="og:type" content="article" />
<meta property="og:title" content="Hiihtolomaviikkojen 8 ja 9 Mini Wernerikurssit - Himos.fi" />
<meta property="og:description" content="Hiihtolomilla järjestetään lasten Mini Wernerikursseja sekä suksi alkeet että suksi jatko. Kurssi on yksipäiväinen, kesto 2 x 90 minuuttia. Kurssimaksu on 110 euroa/hlö. Lue lisää ja ilmoittaudu." />
<meta property="og:url" content="https://himos.fi/en/events/lasten-mini-wernerikurssi-tammikuun-lauantaisin-549/" />
<meta property="og:site_name" content="Himos.fi" />
<meta property="article:publisher" content="https://www.facebook.com/himosskiresort/" />
<meta property="article:modified_time" content="2022-02-01T09:14:19+00:00" />
<meta property="og:image" content="https://himos.fi/wp-content/uploads/2022/02/Weneripupu.jpg" />
	<meta property="og:image:width" content="1200" />
	<meta property="og:image:height" content="1600" />
	<meta property="og:image:type" content="image/jpeg" />
<meta name="twitter:card" content="summary_large_image" />
<script type="application/ld+json" class="yoast-schema-graph">{"@context":"https://schema.org","@graph":[{"@type":"WebPage","@id":"https://himos.fi/en/events/lasten-mini-wernerikurssi-tammikuun-lauantaisin-549/","url":"https://himos.fi/en/events/lasten-mini-wernerikurssi-tammikuun-lauantaisin-549/","name":"Hiihtolomaviikkojen 8 ja 9 Mini Wernerikurssit - Himos.fi","isPartOf":{"@id":"https://himos.fi/en/#website"},"datePublished":"2022-02-01T09:11:50+00:00","dateModified":"2022-02-01T09:14:19+00:00","breadcrumb":{"@id":"https://himos.fi/en/events/lasten-mini-wernerikurssi-tammikuun-lauantaisin-549/#breadcrumb"},"inLanguage":"en-US","potentialAction":[{"@type":"ReadAction","target":["https://himos.fi/en/events/lasten-mini-wernerikurssi-tammikuun-lauantaisin-549/"]}]},{"@type":"BreadcrumbList","@id":"https://himos.fi/en/events/lasten-mini-wernerikurssi-tammikuun-lauantaisin-549/#breadcrumb","itemListElement":[{"@type":"ListItem","position":1,"name":"Home","item":"https://himos.fi/en/"},{"@type":"ListItem","position":2,"name":"Events","item":"https://himos.fi/en/events/"},{"@type":"ListItem","position":3,"name":"Hiihtolomaviikkojen 8 ja 9 Mini Wernerikurssit"}]},{"@type":"WebSite","@id":"https://himos.fi/en/#website","url":"https://himos.fi/en/","name":"Himos.fi","description":"Lumi-Suomen keskipiste!","publisher":{"@id":"https://himos.fi/en/#organization"},"potentialAction":[{"@type":"SearchAction","target":{"@type":"EntryPoint","urlTemplate":"https://himos.fi/en/?s={search_term_string}"},"query-input":"required name=search_term_string"}],"inLanguage":"en-US"},{"@type":"Organization","@id":"https://himos.fi/en/#organization","name":"Himos-Yhtiöt Oy","url":"https://himos.fi/en/","logo":{"@type":"ImageObject","inLanguage":"en-US","@id":"https://himos.fi/en/#/schema/logo/image/","url":"https://himos.fi/wp-content/uploads/2019/09/logo-meili.jpg","contentUrl":"https://himos.fi/wp-content/uploads/2019/09/logo-meili.jpg","width":273,"height":96,"caption":"Himos-Yhtiöt Oy"},"image":{"@id":"https://himos.fi/en/#/schema/logo/image/"},"sameAs":["https://www.instagram.com/himosskiresort/","https://www.youtube.com/channel/UCwqSxGN5HaqH3FvCl96ZBFw","https://www.facebook.com/himosskiresort/"]}]}</script>
<!-- / Yoast SEO plugin. -->

Hiihtolomilla järjestetään lasten Mini Wernerikursseja sekä suksi alkeet että suksi jatko. Kurssi on yksipäiväinen, kesto 2 x 90 minuuttia. Kurssimaksu on 110 euroa/hlö. Lue lisää ja ilmoittaudu.

Himos-Yhtiöt Oy
